?
-19
2 - ((-28 - -9) + 13)
8
What is the value of 9 + (-5 - (-14 - 2))?
20
What is the value of 10 - ((35 - 21) + -10)?
6
What is the value of -69 + 38 - (-3 + -62)?
34
(0 - (-7 - -1)) + -3 + -14
-11
Calculate 16 + (-11 - (1 + (-3 - 5))).
12
Calculate (26 - 1) + (414 - 428) - (0 + -1).
12
(2712 - 2682) + (-1 - 10)
19
Evaluate 14 + 18 + 4 + -21.
15
Evaluate -6 + 2 + 3 + (9 - 12).
-4
Evaluate (1 - 1 - -4) + (4 - (-9 + 24)).
-7
What is the value of 8 + 2 - 6 - -4 - 5?
3
What is 4 + -1 + (13 - 37 - -17) - -1?
-3
What is -1 + 10 + 6 + -5 + -15?
-5
What is the value of 21 + (-42 - -1) - -29?
9
What is the value of -3 - (-5 - (7 + -22 + 5))?
-8
(-2 - 5) + 8 + (-4 - 0)
-3
What is the value of (-1 - -21) + (-457 - -448)?
11
What is 1 - (5 + (-7 - -14) + -3 + 14)?
-22
Evaluate 6 - 0 - (8 + -9).
7
What is the value of (6 + 0 - 18) + 2 - -19?
9
Calculate -3 - (-2 + 9 - -2).
-12
What is 1 + (-46 + 35 - -6)?
-4
Evaluate 4 - (-1 - (-5 + (-5 - -13) + 0)).
8
What is -143 - -161 - (14 - -1)?
3
Calculate (-5 - -1) + 11 + 7 + -12 + 7.
9
Evaluate 14 - (25 + -10 + -1).
0
What is the value of -4 + -3 - 0 - (-4 + -7) - 6?
-2
Calculate -40 + 33 + (-4 - 1) - -34.
22
What is 60 - 66 - (0 + (-23 - 2)) - 7?
12
Calculate 16 + -10 - (7 + -6 + -4 + 20).
-11
8 + -12 + 28 - (29 - 21)
16
Evaluate -6 + (6 - 0) + 10 - (41 + -46).
15
Evaluate -96 - -113 - (12 + -4).
9
Calculate (-10 - (25 - 15)) + 9 + 3.
-8
Evaluate 9 - (9 + -8) - (10 + -3) - -4.
5
What is (-18 - -7) + 28 + -22?
-5
Evaluate 18 + -4 + -11 + 4 + 14.
21
What is the value of 21 - (19 - (6 + (9 - 4)))?
13
Calculate -32 + 11 + 24 + -19.
-16
What is -3 + (5 + 0 + -4 + -1 - -2)?
-1
1 + (3 - (-13 - -16))
1
-1 - (-6 + 12 - 28) - 9
12
What is 4 + 0 - (1 + (-1 - 8 - -5))?
7
Calculate 8 - -1 - (-1 + -17 + (-587 - -593)).
21
What is 6 + -9 + 3 - -1 - 10?
-9
What is the value of -5 + (-8 + 23 + 1 - 21)?
-10
Evaluate 10 - (-3 - 18) - 26.
5
Evaluate (0 - (19 + 0)) + 5.
-14
What is 4 - 5 - (-13 + 9) - (5 + -2)?
0
(-13 - 9) + 7 + -4
-19
What is the value of (-7 - (-1 + 14)) + 5?
-15
What is the value of 20 - (2 - 1) - (7 + -2)?
14
What is (-1 - 2 - 1) + -3 + 10 + -4?
-1
-1 - ((-4 - -15 - -1) + -9)
-4
Evaluate 6 - 2 - (25 - 13 - 19).
11
Calculate 8 + (-14 - ((-5 - -4) + (-1 - -4))).
-8
What is 38 + -16 + -43 + 24?
3
What is 9 - (-6 + 22 - 19)?
12
Calculate (-3 - 0 - (-6 - -3)) + (24 - 31).
-7
What is (218 + -225 - (-9 + 2)) + -18?
-18
Calculate -4 - (-5 + 18 + -1 + 1).
-17
433 + -436 + 23 + (-2 - -1) + -11
8
What is 440 - 453 - (-32 - 1)?
20
Evaluate 14 + 4 + -2 + -12.
4
What is the value of (27 - 9) + -5 - 7?
6
Evaluate -14 + -3 - (-16 - 9).
8
Calculate -25 + 1 + (195 - 176).
-5
Evaluate 0 + -5 - (0 + (-29 - (-10 - -7))).
21
Calculate 38 - (-20 - -39 - -1).
18
What is the value of (4 + -2 - -3) + 0 + -12?
-7
What is 7 + (12 - 1) + (0 - 50 - -39)?
7
Calculate 3 + (-8 - 0 - (-11 - -5) - 4).
-3
Calculate 2 + (-7 + (-6 - -11) - -3).
3
What is -4 - 5 - (10 + -33 - 10) - -8?
32
Calculate (10 + 6 - 18) + 4.
2
-1 + 0 - (-98 - -98 - (2 + 2))
3
-1 + (3 - ((-8 - -7) + 3))
0
What is 16 + 0 + -2 - (26 - 36)?
24
Calculate 13 + -5 + (-2 - (-2 + 2)).
6
(-18 + 13 - (3 + -3)) + -7 + 1
-11
Evaluate (0 - (2 + 1) - -2 - 16) + 5.
-12
What is the value of 10 + 13 + (4 - 9) + -1 + -4?
13
Evaluate 8 - (0 + 9 + -17 + 8).
8
Calculate (9 + -13 - -14) + -32 + 5.
-17
Evaluate (19 - 13) + (-2 - -2 - 0) + -10.
-4
What is 2 + -29 - (1 + (2 - (5 + 4)))?
-21
(-13 - 1) + (-1055 - -1075)
6
Calculate 18 + 21 + -33 - -6.
12
(-14 - -1) + 14 + (-14 - -4)
-9
What is 10 + 0 - (367 + -357 + (-12 - -1))?
11
Evaluate -13 + (6 - 5) + -3.
-15
What is (8 - (-15 + (10 - 5))) + (-8 - -4)?
14
-1 + -9 + 2 + -31 + 32
-7
0 + 2 + -1 + (-10 - 2)
-11
-2 - (1 + -11) - (-15 - (6 - 28))
1
What is -1 - 0 - (630 + -652 - (-10 - -1))?
12
1 + (-1 - 13) - (200 + -203) - -2
-8
What is the value of (-3 - -6) + (-7 - -15) + 3?
14
Evaluate -11 + (1 - (-5 - -23) - -17).
-11
What is -13 - (-27 + (-4 - -11) + 8)?
-1
Calculate (-24 + 33 - -1) + -38.
-28
What is -18 + 30 + 1 + -25?
-12
What is the value of (-17 - -7) + 9 + 10 + -2?
7
What is (-5 - 1) + 2 - (7 - (5 + -8))?
-14
8 + 0 + (1 + -1 - -4) + -6
6
Evaluate -22 + 0 + (42 - 38).
-18
Calculate 3 + 4 + 11 + -23 + (6 - 5).
-4
What is the value of 6 - (9 + -14 - -16)?
-5
Calculate (34 - 67) + 43 - (2 - 3 - 9).
20
Calculate 17 + 2 + -3 + (-52 - -30).
-6
Evaluate 0 + -19 - (16 + 5 - 25).
-15
What is 2 - (-16 - -7 - (9 + 2 + -19))?
3
Calculate (6 - (-12 + -7)) + 4 + -13.
16
Calculate (17 - 42) + 3 + 1.
-21
(-7 - 4) + 3 + 15 - (1 + 14)
-8
-2 + 7 - (-2 + 1) - (2 - -3)
1
What is (2 - 21) + 500 + -493?
-12
-2 + (4 - 1) + -8 + 6
-1
Evaluate 32 + -28 - (-10 - (-1 + -2)).
11
Calculate -22 - -11 - -12 - 6.
-5
Calculate -1 + -8 + 2 + -2.
-9
What is -6 + 0 + 0 - (-36 + -10 + 37)?
3
What is the value of -6 - -5 - (2 - (12 + -9 - 7))?
-7
Evaluate 26 - (-4 - -16 - -3).
11
(2 - -6) + (8 - 22) + 0
-6
Evaluate (-2 - (5 + -7) - -2) + -3.
-1
Evaluate (1 + 7 - 10) + (3 - 10 - -14).
5
Calculate -3 + 2 + 17 + -5 + 0 + -2.
9
-31 + (-3 - 18) + 36
-16
Calculate -15 + (9 + 7 - -1).
2
What is the value of -48 + 44 + (6 - 10)?
-8
Evaluate (-1 - 9) + -5 + (-45 - -80).
20
What is the value of 385 - 431 - (0 + -30)?
-16
What is the value of (15 - (-1 - -11)) + 4?
9
Evaluate 3 + (7 + -2 + -8 - 6).
-6
What is the value of 3 - (4 + -1) - 2?
-2
What is -1776 + 1782 - (-1 - 0 - -22)?
-15
Calculate -3 - (3 + -4) - 12 - (-9 + 8).
-13
(13 - 4 - 3) + (2 + -4 - 1)
3
What is the value of (-3 - -4) + (29 - 26) - 1?
3
What is -10 - ((22 - 14) + -2)?
-16
Evaluate 1 + 21 + (-5 - (3 - 1)).
15
Calculate -809 - -786 - (2 - -1).
-26
What is the value of (-16 - -23) + (29 - 31)?
5
What is the value of (-4 - -2) + (5 - 23) - -4?
-16
What is -12 + -5 + -3 + 32?
12
Evaluate 10 - ((-4 - -3) + -2 + -1).
14
What is -14 + (77 - 82) + 0 + 16?
-3
(1 + 0 - 4 - -11) + 3 + -29
-18
Calculate 16 + (-10 - -22 - 16).
12
Calculate (-15 - 0) + 69 + -59 + (-11 - -4).
-12
Evaluate -346 - -341 - (-1 - (3 - (26 + 1))).
-28
Evaluate (-36 + 3 - -60) + (1 - 10).
18
What is -1 + 1 - 3 - -2 - -1?
0
Calculate (-9 + (0 - -3) - -10) + 5 + -3.
6
Calculate 7 + (-4 - (4 - -2 - -4)) + 2.
-5
Calculate (-3 - -5 - -8) + (-6 - 3) + 4.
5
What is the value of 3 - 6 - (6 - (20 - (2 - 6)))?
15
What is -2 - 7 - (-13 - -4 - 2)?
2
What is the value of 13 + (-23 - 9 - (4 - 17))?
-6
Evaluate (2 - (-8 + (13 - 3)) - 21) + 4.
-17
Calculate (-1 - 1) + (7 - 1 - (-11 - -3)).
12
What is the value of -10 + (6 - 0 - -2) - -15?
13
Calculate -1 + -19 + 9 + 3.
-8
What is (-3 - 1) + -3 - (2 - -11 - 13)?
-7
What is 36 + 12 + -45 + (0 - -5)?
8
Evaluate (3 + 5 - 24) + (-2 - 5 - -12).
-11
What is -12 + 1 - (9 - 10)?
-10
Evaluate -16 + 0 + -811 + 830.
3
What is 14 + (-16 - -9 - -2) + -2?
7
What is 6 + (19 - (2 - -32)) - (0 - 28)?
19
8 + (10 - 7 - -1) + -3
9
Evaluate -34 - 9 - -43 - (0 - 4).
4
Calculate -17 + 25 - 6 - (6 + -1).
-3
Calculate 0 + 3 + 7 + (-2 - 17) + 6.
-3
What is (0 - -1) + (-47 - -98 - 60)?
-8
(9 - 1) + (32 - 22)
18
-7 + 34 + -91 + 88 + 1 + -3
22
Calculate 5 + -2 + (-1 - -7).
9
-1 + (2 - (6 + -21)) + -5
11
(0 - -10) + (-12 - (17 - 25))
6
What is the value of -9 + -22 - (-18 - 2)?
-11
What is the value of (7 - (6 + 0) - -2) + (0 - -3)?
6
What is -30 - (22 + 0 + -8 - 11 - 10)?
-23
What is the value of (0 - 4) + (7 - 19 - -21)?
5
5 + -26 + 13 + 35
27
Evaluate 33 - (7 - (4 - 19)).
11
What is the value of -5 - (-1 - (-4 - -3 - 4) - 3)?
-6
Calculate -8 + 11 + -1 - -5 - -11.
18
-55 - 19 - -62 - (0 + (0 - -7))
-19
-6 - (-8 + 2 - (-1 + -6)) - -8
1
Calculate (14 - 1) + -14 + 9 + 3.
11
What is (21 - 10) + -13 - 10?
-12
-6 - -21 - (8 - (9 + -9))
7
Evaluate -42 - -45 - (2 + 10).
-9
Evaluate 17 + -15 + 3 - -17.
22
Evaluate 20 + -6 - (22 + -5).
-3
Calculate -10 + 19 - (-1 - (6 + -7)).
9
What is 4 - (-5 + 1 + 12 + 6 + -11)?
1
What is the value of (23 - 1) + (-23 - -5 - -6)?
10
What is 14 + (-4 - -11 - (-3 - -5 - -9))?
10
Calculate -4 - ((5 - -8) + -11) - (1 + 1).
-8
-3 - (-3 - (-1 + 4 + (44 - 41)))
6
What is (-13 - -12) + 4 + -11 - -35?
27
Evaluate -11 + (16 - 17) + 22.
10
Calculate -8 + 14 + -10 + 3 + -15.
-16
Calculate -4 + -17 + 24 - 2.
1
-4 - -12 - (28 - (2 - -20))
2
7 - ((-40 + 36 - (-7 + 0)) + -7)
11
What is 1 + 1 + (-15 - (8 - (4 - -1)))?
-16
23 + 12 - 7 - 15